s). Let i(c) be the first derivative of 13*c**4/4 + c**3/3 + c**2/2 - 5265. Give i(u).
-13
Let l(h) = h**3 - 16*h**2 + h - 36. Let t be l(16). Let z = t - -20. Let u(a) = -a**2 - 6. Give u(z).
-6
Suppose 2*w - 2 = -3*z + 5*z, 5*z - 25 = -5*w. Let o(i) = -5 - 1 - 55*i**2 + 31*i**2 + i + 23*i**z. Give o(5).
-26
Let k(a) = -70976 + 71028 - 3*a**2 + 12*a - 2*a**2 - a**3. Calculate k(-6).
16
Let p be (-53)/10 - (10101/370)/(-91). Let q(b) = 12*b + 78. Give q(p).
18
Let m = -325 - -378. Suppose 41*n - m*n - 72 = 0. Let z(c) = c**2 + 3*c - 4. Give z(n).
14
Let u(d) = d + 18. Suppose 6*b + 1092 = 1104. Suppose -b*w - 5*n + 8 = 0, -16*w + 5*n + 34 = -15*w. What is u(w)?
32
Let x(d) = -d**2 + 5*d - 4. Let n be x(5). Suppose 0 = -3*s - 2*k + k + 17, -5*s - k = -25. Let q(v) = -1580 + 1578 - 2*v + s*v. Give q(n).
-10
Let z(b) = -14*b - 14*b**2 - 10*b**2 + 33*b**2 + 13*b. Suppose 8 = -2*c - 2*c, -r = 5*c + 11. Determine z(r).
10
Let q(z) = 6*z - 1. Let p(k) = 2*k - 1. Let h(s) = -4*p(s) + q(s). Let d = -12 - -3. Let l = -7 - d. Give h(l).
-1
Let p be -1 - -12 - (-12)/16*-8. Let l(c) = -c**2 + 2*c + 28. Let t be l(p). Let h(b) = -b + 21. Determine h(t).
8
Let l be 24/(-4) + 14 + -14 - -4. Let b(m) = -25*m + 1. Give b(l).
51
Let b(q) be the first derivative of q**4/4 + 4*q**3/3 + 2*q**2 - 2*q + 2. Suppose -8*z + 5 = -7*z + 3*f, -4*z = -5*f + 31. What is b(z)?
-18
Suppose 0 = y - 4*m + 18, -5*y + 4*m + m - 15 = 0. Let h(p) = 0*p**y + p**3 + 2*p**2 + 5247 - 5248 - 5*p**2. Give h(3).
-1
Let g(n) = -145*n + 349. Let m(h) = 51*h - 114. Let y(z) = -4*g(z) - 11*m(z). Give y(7).
-9
Let f(b) be the first derivative of 0*b**2 + 1/4*b**4 + 4/3*b**3 + 98 - 6*b. Calculate f(-4).
-6
Let t(s) be the second derivative of 28*s - 1 - 1/3*s**3 - 1/12*s**4 + 3/2*s**2. Give t(3).
-12
Let c(l) = l**3 + 8*l**2 + 10*l + 10. Let x(q) = -37*q + 44. Let z be x(8). Let k = -259 - z. Calculate c(k).
-11
Suppose 2*x - 27 = 5*x. Let t(b) be the first derivative of b**4/4 + 8*b**3/3 - 11*b**2/2 - 11*b + 59405. What is t(x)?
7
Let s(v) be the third derivative of -v**5/60 - 2*v**4/3 + 11*v**3 + 142*v**2 - 3*v + 2. Give s(-19).
9
Let j(b) be the first derivative of -3*b**2 - 7*b - 2. Suppose 0 = 36*i - 14*i + 44. Let t be j(i). Let y(p) = 2*p - 4. Calculate y(t).
6
Suppose -18*q - m + 4 = -20*q, 0 = 5*q + 3*m - 23. Let a(d) = 27*d - 5. Give a(q).
22
Let b(m) = m**3 - 24*m**2 - 24*m - 33. Let h be b(25). Let w = -88 - -90. Let d(v) = 11*v**2 - 18*v**2 + 9*v + 8*v**w + 9. Determine d(h).
1
Let h(r) = -2*r**2 - 235*r + 1048. Let a(f) = 3*f**2 + 329*f - 1466. Let p(v) = 12*a(v) + 17*h(v). What is p(17)?
3
Let n(b) = 91*b + 94. Let d(f) = 24*f + 119. Let r be d(-5). Determine n(r).
3
Let r(v) be the second derivative of 1/6*v**3 + 1/12*v**4 - 1/2*v**2 + 0 - 6*v. Suppose 0*q = 5*q - 5*s - 10, -s - 1 = 0. Give r(q).
1
Let s(b) = 13*b + 6. Suppose -428*c + 121 + 2019 = 0. What is s(c)?
71
Let q(g) = -g**3 - 3*g**2 - 12*g - 65. Let f be (4 - 8/(-5)*(-280)/98)*7. Give q(f).
-1
Let k(w) = 100*w + 783. Let v be k(-8). Let a(x) = x**3 + 18*x**2 + 16*x + 2. Give a(v).
19
Let r(v) = -2*v**2 + 42*v - 109. Let i be ((-51)/204)/(1/2) + 74/4. Give r(i).
-1
Let u(g) = 3*g**2 - g. Let w be (-4)/6*27/(-18). Let r be u(w). Suppose 2*d = 5*y + 25, 2*y = d + r*d - 21. Let j(f) = f**3 - 5*f**2 - 2*f + 3. Give j(d).
-7
Suppose 4*c - 2 = 5*c. Let b be (-1 + c)*(-4)/6. Let x(j) = -5*j - 6722. Let k(w) = -w - 517. Let i(d) = 26*k(d) - 2*x(d). Determine i(b).
-30
Let w = 194 - 111. Let a(q) = 87*q**2 - 4*q - 5 - 169*q**2 + w*q**2. Calculate a(4).
-5
Let g(p) = 9*p**2 - 31*p**2 - 18*p + 15*p**2 + 8*p**2 + 56. Determine g(15).
11
Let t(f) = 5*f**2 - f - 1. Let b(a) be the third derivative of 7*a**5/60 - a**4/24 - a**3/6 - 91*a**2. Let x(i) = -4*b(i) + 6*t(i). Determine x(-2).
10
Let f(v) = -6*v**2 - v - 91. Let z(b) = 5*b**2 + 74. Let o(c) = 4*f(c) + 5*z(c). What is o(7)?
27
Let s(a) = -a**2 + 6*a + 1. Let q(x) = x - 2. Let h be q(5). Let b = -2052 + 2066. Suppose -4*r + b = 2*f, 0 = 3*r + 2*r + h*f - 16. What is s(r)?
6
Let s(k) be the second derivative of -k**6/720 + k**5/120 + k**4/6 - 4*k**2 + 2*k + 52. Let m(u) be the third derivative of s(u). What is m(0)?
1
Let o(s) be the third derivative of s**5/120 + s**4/24 + s**3 + 7*s**2. Let u(r) be the first derivative of o(r). Let d = 294 + -294. What is u(d)?
1
Let o be 308/33*(94/28 - (-30)/(-12)). Let g(p) be the first derivative of -p**4/4 + 3*p**3 - 7*p**2/2 - 7*p + 3. What is g(o)?
1
Suppose -5*w + 16 = 2*t, -2*w - 3*t + 6 = -2*t. Let v(n) = 47*n**2 - 68*n**3 - w + 67*n**3 - 51*n**2 - 5*n. Suppose 3*a + 5 + 4 = 0. What is v(a)?
2
Let q = -26 - -54. Suppose 3*f + 15 = 5*f + 3*k, -4*f - 4*k = -q. Let v be ((-105)/(-63))/((-2)/f). Let h(s) = s**2 + 6*s + 4. What is h(v)?
-1
Let d(i) = i**3 + 14*i**2 - 92*i + 36. Let y be d(-19). Let u(x) = -x**3 - 23*x**2 - 43*x - 31. Determine u(y).
-10
Let r(p) = -2*p**2 + 5*p + 2. Let z = 1193 - 1199. What is r(z)?
-100
Let v(p) = -p + 9. Let z be v(7). Let s(f) = -6*f**2 + f + 1. Let y(k) = -17*k**2 + 4*k + 2. Let g(w) = -8*s(w) + 3*y(w). Determine g(z).
-6
Let r(k) = -6*k - 164. Let v be -25 + ((-6)/(-14) - (-765)/(-315)). Give r(v).
-2
Let c(m) = -13*m + m**2 - 3*m + 15 - m - m. Suppose -11*z + 9*z = -5*q - 24, 5*q = 10. Let y be c(z). Let f(j) = 4*j**2 + 2*j. What is f(y)?
12
Let d(h) be the third derivative of -1/60*h**5 + 0*h + 0 + 11*h**2 + 1/8*h**4 + 0*h**3. Let z(m) = m**3 - 6*m**2 + 7*m - 7. Let t be z(5). Determine d(t).
0
Let z(l) be the second derivative of l**5/20 + l**4 - 5*l**3/3 + 38*l**2 - 3139*l - 2. What is z(-13)?
37
Let o(d) = 735*d + 8861. Let m be o(-12). Let i(q) = 3*q - 149. Determine i(m).
-26
Let l(k) be the second derivative of -37*k**3/3 - k**2/2 - 3104*k. Calculate l(-1).
73
Let d(r) = 31*r**3 + r**2 - r. Let o = 690 + -689. Calculate d(o).
31
Suppose 5*r - 110 = 5*j - 0*r, -2*j = 5*r + 30. Let v(l) = -4*l - 45. Give v(j).
35
Let s(w) = -w**3 + 21*w**2 - 29*w + 1. Let i(a) = -5*a**2 + 3*a + 1. Let y(f) = -6*i(f) - s(f). Calculate y(-8).
-31
Let z(c) = c - 5. Let w = 12 + -12. Let t be (-9)/(-2 + 3 - w). Calculate z(t).
-14
Suppose 0 = -3*b - 13*w - 51 + 22, 2*b - 4 = -4*w. Let g(i) = -2*i + 5. Let z(r) = -r + 2. Let f(t) = -4*g(t) + 7*z(t). Determine f(b).
6
Let q(f) = f**2 - 6*f - 8. Let j(l) be the first derivative of 17/3*l**3 + 6*l + 15 - 8*l**2 - 1/4*l**4. Let o be j(16). Determine q(o).
-8
Let t(z) = 11*z**3 - z. Let r be ((-2)/(-8))/1 + (-621)/(-12). Suppose -2*s + r = 34. Suppose -4*i - 5 = -s*i. Calculate t(i).
10
Let y(j) = -7*j + 23*j + 693*j**2 - 342*j**2 + 42 - 350*j**2. Give y(-12).
-6
Let k(t) = -2*t**2 - 2*t - 4. Let h(i) = i**3 - 4*i**2 - 15*i + 47. Let a be h(5). Calculate k(a).
-16
Let u(t) be the second derivative of 11/2*t**2 - 36*t + 2/3*t**4 + 2/3*t**3 + 0 + 1/20*t**5. What is u(-8)?
-21
Let p(z) = -z + 1. Let h be 4/(-4)*(-4 - 7). Let g = -13 + h. Determine p(g).
3
Let a(d) = -237*d + d**3 + 23 + 8 + 6*d**2 - 259*d + 511*d. Determine a(-4).
3
Suppose 37012 = 11*l - 40384. Let a(x) = 7035*x + 0 - 1 - l*x. What is a(10)?
-11
Let g(p) = 30 - p**2 - 36*p - 147 + 57 + 50. Give g(-36).
-10
Let i(o) = o**2 + 13*o - 15. Let j(d) = 5*d**2 + 59*d - 85. Let r be j(-13). Calculate i(r).
-57
Let k(p) be the first derivative of -1/2*p**2 + 1/3*p**3 + 6 + 1/4*p**4 + 2*p. Give k(2).
12
Let s(k) = 13042635*k**2 - 13042641*k**2 - 26*k + k**3 + 28*k - 9. Let v(i) = -2*i - 2. Let d be v(-4). Determine s(d).
3
Let t(g) be the second derivative of -g**5/20 - g**3/3 - g**2 + 1547*g. Give t(-3).
31
Let v(z) = -156*z**3 - z**2 + 8*z - 1. Let u(a) = 60*a**3 + a**2 - 4*a + 1. Let g(l) = -5*u(l) - 2*v(l). Determine g(2).
89
Let k(h) = h - h + 0*h**2 - h**2 - 3*h - 3*h - 5. Let c = 196 + -201. Give k(c).
0
Let m(j) = 4 + 82*j + 12*j**2 + 6*j**2 - 16*j**2 + 5*j**3 - 3 - 80*j. Determine m(-1).
-4
Let o(x) = -354*x + 3549. Let c be o(10). Let v(d) = -d**3 + 8*d**2 + 5*d + 36. Calculate v(c).
0
Let p = -65 + 72. Let i(a) = 2*a**2 - 4 + 3 + 3*a - p. Let d(t) = t**2 + 2*t - 4. Let b(l) = 7*d(l) - 4*i(l). Determine b(3).
1
Let n(y) = -3*y**3 + 3*y**2 - y + 1. Let c be 4/7 - (-714)/294. What is n(c)?
-56
Let q(n) be the third derivative of -n**5/10 + n**4/4 - 4*n**3/3 - 279*n**2. What is q(3)?
-44
Suppose -12*g - 